 11/3*33. Let t = 123 - d. Calculate the remainder when 48 is divided by t.
0
Let t = 33655 + -33626. Calculate the remainder when 806/10 + 4/10 is divided by t.
23
Suppose 2*y - 63 = 139. Suppose 0 = 9*u + 1 - 28. Suppose -2*x = u*h - 113, -4*h = x + 2*x - 152. What is the remainder when y is divided by h?
31
Let r(g) = -5*g - 53. Let a(f) = 2*f + 18. Let y(s) = -7*a(s) - 2*r(s). Let l be 8/(-20) - (-99)/(-15). Calculate the remainder when y(l) is divided by 6.
2
Let w = -3 + 5. Suppose 0*r - 346 = -4*r + w*g, 0 = -2*r - 4*g + 148. Let i = 176 + -154. Calculate the remainder when r is divided by i.
18
Suppose -5*i - 3*d = 28 - 7, -4*d = -4*i - 4. Let h be i/(-6) - 33/(-6). Calculate the remainder when 237 is divided by (-1452)/(-36) + (-2)/h.
37
Let f be 8 + (-100)/12 + 1789/3. Let o = f - 515. Let z = -21 + 42. What is the remainder when o is divided by z?
18
Suppose 3*p + 2*w = -619, 4*p - 38 = 2*w - 868. Let y = -140 - p. Calculate the remainder when y is divided by 34.
33
Let g(s) = -s**3 - 7*s**2 + 90*s + 65. Let x be g(6). Let f = 75 + -45. Let v = x - f. What is the remainder when v is divided by 18?
17
Suppose s = 14 + 6. Suppose -3*v - q + 662 = 0, -801 = -5*v + 2*q + 284. Let c = v + -212. What is the remainder when s is divided by c?
6
Let l be (-11)/22*(1 + 1) + 180. Suppose l = 3*z + 149. What is the remainder when 97 is divided by z?
7
Suppose -4*p + a + 56 = 0, -2*a + 3 = 5*p - 67. Let x(w) = 0*w**2 - 5*w**2 + 4*w + 344*w**3 - 233*w**3. What is the remainder when x(1) is divided by p?
12
Let c(s) = 36*s - 8. Let y be c(-2). Let l be (-5)/(75/27)*y/12. Let u = l + 6. What is the remainder when 104 is divided by u?
14
Let k(v) = -v**2 + 20*v - 90. Suppose 0*q - 4*n - 10 = -2*q, 15 = 3*q + 5*n. Let g = 39 + q. What is the remainder when g is divided by k(11)?
8
What is the remainder when 10/(520/91) - 5457/(-4) is divided by 354?
304
Suppose -4*g = 11*g - 4485. Suppose -186*x = -185*x - 78. What is the remainder when g is divided by x?
65
Suppose -5400 = -516*d + 486*d. What is the remainder when d is divided by 85?
10
Suppose -4*w - 13*p = -17*p - 288, -5*p + 176 = 3*w. What is the remainder when 244 is divided by w?
43
Suppose 5986 = 311*c - 238*c. Calculate the remainder when 16726 is divided by c.
80
Let y = 1708 + -2963. What is the remainder when y/(-7) + (325/(-35) - -9) is divided by 60?
59
Let q(o) = -148*o - 623. Calculate the remainder when q(-8) is divided by 101.
56
Let r = 2137 + -1713. What is the remainder when r is divided by 108?
100
Suppose s - 25 = -4*s. Suppose -34 = -s*y + 226. Calculate the remainder when y is divided by 7.
3
Let c(a) = -113*a**2 + 7*a + 2. Let b(z) = -112*z**2 + 8*z + 2. Let v(u) = 5*b(u) - 6*c(u). Calculate the remainder when v(-1) is divided by 17.
16
Let w = -43 + 55. Let s(z) be the third derivative of -8*z**6/15 - 7*z**2. Calculate the remainder when s(-1) is divided by w.
4
Suppose 1027 = -21*y + 3064. Let i = 125 - y. What is the remainder when i is divided by (4/12)/((-2)/(-66))?
6
Let c = 701 - 419. Suppose 25*t = 19*t + c. Let p = 26 - 10. Calculate the remainder when t is divided by p.
15
Let v be (1 - 235/15)/((-6)/9). Suppose v*g + 36 - 1488 = 0. What is the remainder when 259 is divided by g?
61
Let o be (-21)/(((-52)/16)/13). Suppose -o*n = -83*n - 28. Suppose -2 - 14 = -2*d. What is the remainder when n is divided by d?
4
Let g(f) = 17*f - 185. Let j be g(11). Suppose -80 = -u - k - 4, 0 = 2*k + j. What is the remainder when u is divided by 22?
11
Suppose -22*b + 20789 = 3145. Let p = b - 714. Calculate the remainder when 439 is divided by p.
87
Let v(q) = -3*q**2 + 158*q - 244. Calculate the remainder when 112 is divided by v(51).
2
Let p(b) = b**2 - 11*b - 3. Let v be p(16). Let y = 209 - 135. Suppose 4*a + r - y = -a, 2*r = 5*a - v. Calculate the remainder when a is divided by 9.
6
Let d(z) = -5*z - 14. Let v(h) = h**3 + 7*h**2 + 4*h + 6. Let w be v(-6). Suppose -2*f + w = 28. Calculate the remainder when 32 is divided by d(f).
10
Suppose 3*b + 3*p - 21 = -2*b, 3 = -p. What is the remainder when -191*((5 - b)*-1)/(-1) is divided by 18?
11
Let v be (-36)/(-54) + (-4)/(-24)*8. Suppose -i + 3*s = -v, i + 3*s - 26 + 12 = 0. What is the remainder when 60 is divided by i?
4
Let y(r) = 50*r - 1057. What is the remainder when 3439 is divided by y(23)?
91
Suppose 0 = -2*u - t + 503, -2*t - t - 3 = 0. Let l = 292 - u. Calculate the remainder when 49 is divided by l.
9
Let z(l) = 3*l + 12. Let f(u) = 2*u**3 - 30*u**2 + 27*u + 39. Let w be f(14). What is the remainder when 172 is divided by z(w)?
85
Suppose -3*c - 74 = 5*y + 94, -56 = c - 4*y. Let k be -14*(4/(-6))/((-2)/(-3)). Let d = k - c. Calculate the remainder when d is divided by 37.
33
Suppose 270*j = 277*j - 378. Calculate the remainder when 298 is divided by j.
28
Calculate the remainder when 389 is divided by 57 + ((-11)/(-1) - 2).
59
Let s be (22 - -5)/3 + -4. Suppose 5*w - 5 = 19*b - 14*b, s*w + 3*b = 21. What is the remainder when w is divided by 6/9 - 14/(-6)?
0
Suppose -3*w - 1 = -s, 3*w - 2 - 7 = 3*s. Let g be 66/14 - s/((-210)/(-12)). What is the remainder when 24 is divided by g/((-20)/(-8)) - -5?
3
Let z(q) = -74*q + 11. Let p(g) = 149*g - 21. Let c(w) = 3*p(w) + 5*z(w). Let v be c(2). Calculate the remainder when (v/(-4))/(3/(-6)) + 2 is divided by 38.
37
Let u = 34 - 8. Suppose 84 = 24*t - 2508. Suppose 32*v = 44*v - t. What is the remainder when u is divided by v?
8
Suppose 4*y + 152 = 2*g, -y = -5*g - 3*y + 404. Let l = g - 53. Calculate the remainder when 50 is divided by l.
23
Suppose 45 = 14*b + b. Suppose -b*j - 4*v = 4, -2 - 22 = -3*j + 3*v. Calculate the remainder when 23 is divided by j.
3
Suppose 2*j - 8 = 0, -139*z - 1084 = -143*z - 2*j. What is the remainder when 549 is divided by z?
11
Suppose 11*p - 153 = -32. Let z(u) = -u**2 + 32*u - 9. Calculate the remainder when z(p) is divided by 21.
12
Let f = 911 + -511. Let r = f + -395. What is the remainder when 27 is divided by r?
2
Suppose -4*p = -28 + 16. Suppose 5*d - 5*r = 2*d + 1433, p*d + 5*r = 1423. Suppose -9*c = 5*c - d. Calculate the remainder when c is divided by 6.
4
Suppose -5*h + 5*k = -270, 5*h - 3*k - 106 = 162. Let g be ((-10)/(-7))/(1/7). Suppose 74 - 214 = -g*l. What is the remainder when h is divided by l?
11
Let i(f) = 21*f**2 - 35*f + 63. What is the remainder when 5290 is divided by i(3)?
145
Suppose 4*b + 4*h = 60, 0 = -2*b + 4*h - 205 + 259. What is the remainder when 197 is divided by b?
7
What is the remainder when ((-4)/(-20))/(39/25350) is divided by 110?
20
Let w be (-1)/4 + 297/(-44). Calculate the remainder when (-1 - 14)*w/21*23 is divided by 29.
28
Suppose 3*g + 9 = -3*c, -2*g + 9 = -c - 5*g. Let a = 3 + c. Suppose 134 = -a*r + 5*r. What is the remainder when r is divided by 24?
19
Let t be -6 - -12 - (-667 - 2/(-2)). Suppose p = 8*p - t. Suppose 0 = 8*x - 4*x - 132. Calculate the remainder when p is divided by x.
30
Let f(v) = v**3 - 7*v**2 + 7*v - 6. Let s be f(4). Let h = 52 - 26. Calculate the remainder when (17*-3)/(-1) + h/s is divided by 19.
12
Let g be (-12)/66*1 - 480/22. What is the remainder when 421 is divided by g/(-11) + 44 + 1?
45
Let h(x) = -x + 130. Let b be h(0). Suppose 10453 = 83*v - 171. Suppose -52 = v*z - b*z. Calculate the remainder when z is divided by 14.
12
Suppose -100*r = -919 - 1123 + 742. Calculate the remainder when 1897 is divided by r.
12
Suppose -9915 - 7725 = -219*c + 9735. Calculate the remainder when c is divided by 32.
29
Let r(j) = 78*j - 7. Let i(n) = 2*n**3 + n - 1. Let g be i(1). What is the remainder when r(g) is divided by (-87 + 86)/((-1)/(24 - -1))?
24
Suppose -81*a = 65*a - 5256. Calculate the remainder when 116 is divided by a.
8
Suppose 4*v + 4*i = 105 - 29, -5*i = 2*v - 53. Suppose 8*m = v*m - 66. Calculate the remainder when 31 is divided by m.
9
What is the remainder when (58 + 2)/(-3)*(-20 + 14) is divided by 70?
50
Suppose -5*r + 43 - 108 = -5*i, -4*i - 2*r = -22. Suppose -i*t + 467 = 139. What is the remainder when t is divided by 11?
8
Let v(z) = z**3 + 4*z**2 - 244*z - 1165. What is the remainder when 3105 is divided by v(-5)?
15
Let s be (-2 + (-6 - -4))*2. Let q(r) = -3*r - 18. Let j be q(s). Suppose 3*f - 18 = j. What is the remainder when 39 is divided b